.
106
What is the remainder when 2290 is divided by 328?
322
Calculate the remainder when 75 is divided by 8.
3
Calculate the remainder when 2768 is divided by 63.
59
Calculate the remainder when 629 is divided by 79.
76
Calculate the remainder when 648 is divided by 141.
84
Calculate the remainder when 584 is divided by 51.
23
What is the remainder when 720 is divided by 106?
84
What is the remainder when 207 is divided by 36?
27
What is the remainder when 394 is divided by 2?
0
What is the remainder when 637 is divided by 64?
61
What is the remainder when 746 is divided by 127?
111
Calculate the remainder when 274 is divided by 134.
6
What is the remainder when 1763 is divided by 12?
11
What is the remainder when 2088 is divided by 19?
17
Calculate the remainder when 754 is divided by 309.
136
Calculate the remainder when 584 is divided by 285.
14
Calculate the remainder when 150 is divided by 82.
68
Calculate the remainder when 112 is divided by 40.
32
Calculate the remainder when 115 is divided by 13.
11
Calculate the remainder when 224 is divided by 9.
8
Calculate the remainder when 3625 is divided by 66.
61
What is the remainder when 5707 is divided by 127?
119
Calculate the remainder when 34 is divided by 4.
2
What is the remainder when 125 is divided by 26?
21
What is the remainder when 89 is divided by 8?
1
What is the remainder when 874 is divided by 175?
174
What is the remainder when 9404 is divided by 165?
164
What is the remainder when 77 is divided by 45?
32
Calculate the remainder when 29 is divided by 11.
7
Calculate the remainder when 258 is divided by 36.
6
Calculate the remainder when 3744 is divided by 10.
4
What is the remainder when 43173 is divided by 275?
273
What is the remainder when 115 is divided by 30?
25
Calculate the remainder when 956 is divided by 11.
10
What is the remainder when 3677 is divided by 30?
17
Calculate the remainder when 9 is divided by 5.
4
Calculate the remainder when 31 is divided by 15.
1
Calculate the remainder when 299 is divided by 20.
19
What is the remainder when 1641 is divided by 37?
13
Calculate the remainder when 6194 is divided by 21.
20
Calculate the remainder when 7287 is divided by 54.
51
Calculate the remainder when 1098 is divided by 353.
39
What is the remainder when 12420 is divided by 34?
10
What is the remainder when 708 is divided by 11?
4
What is the remainder when 902 is divided by 65?
57
What is the remainder when 907 is divided by 65?
62
What is the remainder when 84 is divided by 19?
8
Calculate the remainder when 71 is divided by 40.
31
What is the remainder when 1340 is divided by 17?
14
What is the remainder when 699 is divided by 100?
99
Calculate the remainder when 112 is divided by 40.
32
Calculate the remainder when 2357 is divided by 124.
1
Calculate the remainder when 739 is divided by 31.
26
Calculate the remainder when 506 is divided by 110.
66
Calculate the remainder when 1951 is divided by 24.
7
What is the remainder when 3160 is divided by 1568?
24
Calculate the remainder when 40 is divided by 14.
12
Calculate the remainder when 939 is divided by 134.
1
What is the remainder when 1501 is divided by 37?
21
What is the remainder when 632 is divided by 127?
124
Calculate the remainder when 348 is divided by 20.
8
What is the remainder when 368 is divided by 76?
64
What is the remainder when 104 is divided by 18?
14
Calculate the remainder when 97 is divided by 44.
9
Calculate the remainder when 10600 is divided by 38.
36
What is the remainder when 229 is divided by 5?
4
Calculate the remainder when 70 is divided by 27.
16
Calculate the remainder when 10927 is divided by 8.
7
Calculate the remainder when 77 is divided by 28.
21
What is the remainder when 274 is divided by 55?
54
What is the remainder when 10372 is divided by 253?
252
What is the remainder when 233 is divided by 18?
17
What is the remainder when 2628 is divided by 31?
24
Calculate the remainder when 176 is divided by 61.
54
What is the remainder when 273 is divided by 74?
51
What is the remainder when 456 is divided by 77?
71
Calculate the remainder when 209 is divided by 73.
63
Calculate the remainder when 1103 is divided by 24.
23
What is the remainder when 4747 is divided by 25?
22
What is the remainder when 123 is divided by 23?
8
What is the remainder when 688 is divided by 110?
28
Calculate the remainder when 154 is divided by 39.
37
Calculate the remainder when 60 is divided by 23.
14
Calculate the remainder when 150 is divided by 20.
10
What is the remainder when 133 is divided by 14?
7
Calculate the remainder when 11852 is divided by 20.
12
Calculate the remainder when 7431 is divided by 44.
39
What is the remainder when 1005 is divided by 12?
9
What is the remainder when 107 is divided by 16?
11
Calculate the remainder when 72 is divided by 13.
7
Calculate the remainder when 2415 is divided by 16.
15
Calculate the remainder when 605 is divided by 16.
13
Calculate the remainder when 427 is divided by 418.
9
Calculate the remainder when 462 is divided by 381.
81
Calculate the remainder when 1241 is divided by 423.
395
Calculate the remainder when 1737 is divided by 21.
15
What is the remainder when 78 is divided by 2?
0
What is the remainder when 273 is divided by 129?
15
Calculate the remainder when 187 is divided by 10.
7
Calculate the remainder when 202 is divided by 32.
10
Calculate the remainder when 3474 is divided by 19.
16
Calculate the remainder when 18165 is divided by 37.
35
What is the remainder when 7883 is divided by 161?
155
Calculate the remainder when 306 is divided by 31.
27
Calculate the remainder when 1691 is divided by 1687.
4
Calculate the remainder when 268 is divided by 34.
30
What is the remainder when 743 is divided by 741?
2
What is the remainder when 365 is divided by 61?
60
What is the remainder when 959 is divided by 228?
47
What is the remainder when 4514 is divided by 2256?
2
What is the remainder when 280 is divided by 70?
0
Calculate the remainder when 836 is divided by 321.
194
Calculate the remainder when 364 is divided by 73.
72
What is the remainder when 477 is divided by 163?
151
What is the remainder when 9993 is divided by 17?
14
What is the remainder when 302 is divided by 8?
6
What is the remainder when 343 is divided by 119?
105
What is the remainder when 7743 is divided by 32?
31
Calculate the remainder when 4396 is divided by 11.
7
Calculate the remainder when 13153 is divided by 26.
23
What is the remainder when 200 is divided by 45?
20
What is the remainder when 146 is divided by 21?
20
What is the remainder when 8449 is divided by 26?
25
What is the remainder when 926 is divided by 417?
92
Calculate the remainder when 206 is divided by 33.
8
Calculate the remainder when 777 is divided by 130.
127
What is the remainder when 208 is divided by 41?
3
What is the remainder when 62 is divided by 13?
10
What is the remainder when 8234 is divided by 142?
140
What is the remainder when 33 is divided by 15?
3
Calculate the remainder when 800 is divided by 81.
71
What is the remainder when 322 is divided by 66?
58
Calculate the remainder when 15 is divided by 10.
5
Calculate the remainder when 2234 is divided by 32.
26
Calculate the remainder when 308 is divided by 59.
13
Calculate the remainder when 411 is divided by 9.
6
Calculate the remainder when 72 is divided by 15.
12
Calculate the remainder when 1613 is divided by 231.
227
Calculate the remainder when 936 is divided by 79.
67
What is the remainder when 171 is divided by 27?
9
Calculate the remainder when 1362 is divided by 125.
112
What is the remainder when 2004 is divided by 488?
52
What is the remainder when 87 is divided by 6?
3
Calculate the remainder when 70 is divided by 5.
0
What is the remainder when 127 is divided by 16?
15
Calculate the remainder when 469 is divided by 136.
61
What is the remainder when 611 is divided by 173?
92
Calculate the remainder when 824 is divided by 83.
77
Calculate the remainder when 173 is divided by 35.
33
Calculate the remainder when 2193 is divided by 88.
81
What is the remainder when 107 is divided by 19?
12
What is the remainder when 1604 is divided by 351?
200
What is the remainder when 20 is divided by 20?
0
Calculate the remainder when 78